d + 175 = 5*v, 111 = g*v - d - 4*d. What is the tens digit of v?
3
Let l(f) = 4*f**2 - 7*f - 177. What is the hundreds digit of l(-11)?
3
Let q(a) = -a**3 - 3*a**2 + a + 2. Let p be q(-3). What is the units digit of p/(-2) - 87/(-2)?
4
Let y(m) be the second derivative of m**3/2 + 8*m**2 + 16*m. What is the tens digit of y(23)?
8
Let b(w) be the first derivative of w**4/4 + 5*w**3 + 21*w**2/2 + 29*w + 15. What is the tens digit of b(-13)?
9
Let q = 79 + -39. Suppose l - q = -l. Suppose 4*g + 4*z = l, 0 = -g + z - 3. What is the units digit of g?
1
Let s(o) = 69*o - 199. What is the hundreds digit of s(8)?
3
Suppose 9*t + 17 + 334 = 0. What is the units digit of (-438)/(-4) - t/26?
1
What is the hundreds digit of ((-4105)/(-15) - 1)*(-3)/(-2)?
4
Let m be 74 - -10 - 2/(-1). Let r(s) = s**2 + s. Let a be r(-2). Suppose -a*g + 6*g = -z + 30, -4*z + g + m = 0. What is the units digit of z?
2
Let o(v) = 2*v**3 - v + 1. Let u be o(1). Suppose u*m + 2*m = 92. Let a = m - 2. What is the tens digit of a?
2
What is the tens digit of 884/26 - 1*-3?
3
Suppose -12*t + 180 = -6*t. What is the units digit of 3904/t - (-16)/(-120)?
0
Let v be 3/(2 + (-102)/50). Suppose 0 = -5*f + 10*q - 8*q - 630, -15 = -3*q. Let w = v - f. What is the tens digit of w?
4
Let b = -1 + 8. Let x = 9 - b. Let d(a) = 9*a**2 - 4*a + 2. What is the tens digit of d(x)?
3
Let q(k) = -436*k - 4. Let c be q(-1). Suppose -b + 5*b + c = 5*g, -b = -2. What is the tens digit of g?
8
What is the units digit of (42/12 - 4)*-212?
6
Suppose 68 = -8*k - 52. Let a(l) = l**3 + 15*l**2 - 4*l - 12. What is the tens digit of a(k)?
4
Suppose -11*l + 1976 = -3*l. Let a = 375 - l. Suppose 0 = -4*q + a + 64. What is the units digit of q?
8
Suppose -n = -4*n + 12. Suppose -5*a + 5*h + 54 = -276, -n*a + 5*h = -262. What is the units digit of a?
8
Suppose 40985 = -84*r + 188993. What is the tens digit of r?
6
Suppose -16*v + 21*v = 415. Let a(z) = -25*z. Let x be a(-1). Suppose -x - v = -3*g. What is the tens digit of g?
3
Suppose 0 = 103*o - 85*o - 69840. What is the hundreds digit of o?
8
Suppose 24*r - 28*r = -12. What is the units digit of 4 - (6/r - 1)?
3
Let u = 39 + -11. Let d = 93 - u. Let h = d + -36. What is the tens digit of h?
2
Let m = 368 - 102. What is the hundreds digit of m?
2
Suppose -11*a = -8*a + 6. What is the tens digit of (2 + a - 0)/2 - -86?
8
Suppose -778 - 912 = -10*p. Suppose 2*r = -5*h + 922 - 8, h + 5*r = p. What is the hundreds digit of h?
1
Let z = -4 - -9. Suppose z*i + i - 420 = 0. What is the tens digit of -33*(i/(-15) + 4)?
2
Let v(o) = -9*o**2 + 4*o + o**3 + 5*o - 2*o + o**2. What is the units digit of v(8)?
6
Let g = 17 - 15. Suppose 5*j + g*j = 539. What is the units digit of j?
7
Let b be 2/8 - (-5250)/(-40). Let y = b + 219. What is the units digit of y?
8
Let s(l) = -l**2. Let b(y) = -6*y**2 - y - 4. Let h(n) = -b(n) + 4*s(n). What is the tens digit of h(2)?
1
Suppose -9*c + 8*c + 220 = 4*g, -286 = -5*g - 4*c. What is the units digit of g?
4
Let u(p) = 15*p**2 - 27*p - 42. What is the tens digit of u(-7)?
8
Let q be ((-4)/8)/(2/(-16)). Suppose q*l = 11 + 1. What is the units digit of l/(4/((-240)/(-9)))?
0
Let g = -2061 + 3165. Suppose -5*b = b - g. What is the tens digit of b?
8
What is the tens digit of (-1 - 536/2)*(378 - 379)?
6
Let y = -683 - -1189. What is the units digit of y?
6
Suppose 40*c = 26*c - 126. Let w(f) = -4*f + 18 + 2*f + 4. What is the tens digit of w(c)?
4
Suppose -4*d - 5 = 5*y, 4 = -3*y + 1. Suppose a - 2*a + 5 = d. Let x(o) = -o**3 + 5*o**2 + 5*o - 3. What is the units digit of x(a)?
2
Suppose 1275 = 9*f + 429. Suppose 2*v - 2*y - 156 = 0, 0 = v - 4*y - f + 16. What is the units digit of v?
8
Suppose -30*h + 6870 + 19860 = 0. What is the hundreds digit of h?
8
Suppose -3*n + 4 = d, -4*d = n - d + 4. Suppose 123 = 5*v + l - 105, -n*v = l - 93. What is the units digit of v?
5
Suppose 88*d + 16080 = 103*d. What is the thousands digit of d?
1
Let g be (-180)/(-85) - (-2)/(-17). Suppose 0 = g*y - h - 64, -2*h = 2*y - 58. What is the units digit of y?
1
Suppose -9*o + 26 = -1. Suppose -8*h = o*h - 946. What is the units digit of h?
6
Suppose -6*u = -3*u. Suppose -3*w + u*w + 9 = 0. Suppose 20 + 22 = w*x. What is the units digit of x?
4
Let n(y) = -23*y. Let b(r) = -r**2 + 5*r. Let m be b(4). Suppose 4*j - 6*j = m. What is the units digit of n(j)?
6
Let g(x) = 5*x**2 + 8*x + 8. Let f be -5*(-1 + (0 - -2)). What is the units digit of g(f)?
3
Suppose 383 = 5*v - 3*d, 29*v - 30*v = -4*d - 80. What is the units digit of v?
6
Let m = 243 + -456. Let l be m/2*26/39. Let x = -29 - l. What is the units digit of x?
2
Suppose 3*t + 18 = 4*u - 7*u, t + 5*u = -14. Let b = 15 - 6. Let k = t + b. What is the units digit of k?
5
Suppose 10*c + 244 = 10904. What is the tens digit of c?
6
Suppose -5*c + 3130 = 755. What is the tens digit of c?
7
Let s(y) = y**3 + 6*y**2 - 8*y + 1. Let h be s(-7). Suppose 2*b = 5*p - 6, -3*p + 4*b - 4 = -b. Let n = h + p. What is the tens digit of n?
1
Let y = -18 + 19. Let n be (y/(-2))/(2/(-224)). Suppose 0 = 2*b + 5*d - 0 - 5, -5*b = -2*d - n. What is the tens digit of b?
1
Suppose 0 = 2*a - 4*a + 10. Suppose 264 = a*b - 171. What is the units digit of b?
7
Let a = -8 - -13. Suppose -a*z + 2 = -3*z. Suppose 2*x - z - 31 = 0. What is the tens digit of x?
1
Suppose 6*f = 19 - 13. What is the units digit of ((-2 - -2) + f)/((-1)/(-38))?
8
Let w = 776 + -481. What is the tens digit of w?
9
Let r(n) = 20*n - 46. Suppose -25*c = -20*c - 60. What is the units digit of r(c)?
4
Suppose 13*b - 2404 - 4447 = 0. What is the units digit of b?
7
Let m be 105/(-2)*(-1 + -1). Let f = -88 + 93. Suppose 0*w = -f*w + m. What is the units digit of w?
1
Let l be (-1)/((-1)/(-12)*2). Let f = 883 - 736. What is the tens digit of (f/l)/((-5)/10)?
4
Let t(x) = 68*x - 7. Let p be t(-2). Let l = -68 - p. What is the tens digit of l?
7
Let j be 24/(-30) - (-38)/10. Suppose -v - j = -1, 721 = 5*f + 2*v. What is the tens digit of f?
4
Let t be 18/4 + (-2)/4. Suppose 2503 = 8*a + 1543. Suppose -r - a = -t*r. What is the units digit of r?
0
Suppose 0 = -2*y - y. Suppose y = -5*m - 20, m - 12 = -3*a + 20. What is the tens digit of (21/a)/(-7)*-44?
1
Suppose 9 = 3*d, 0 = -y - 2*d - d + 22. Let x(h) = 4*h + 21. What is the units digit of x(y)?
3
Let u(p) = 3*p - 34. Let w be u(11). What is the units digit of -2 + w + 26 - -2?
5
Let g(x) = -x**3 + x**2 + 4*x + 4. Let c(q) = 0*q - q + q**2 + 0*q - 3 - 5*q. Let n be c(6). What is the tens digit of g(n)?
2
Suppose 4*a - 2*k - 1972 = 0, -a + 2*k + 3*k = -502. Suppose -2*p = -4*f + 984, 2*f = -3*p + 6*p + a. What is the units digit of f?
6
Let f = 106 + -159. Let s = f + 128. What is the units digit of s?
5
Let i(n) = -2*n**2 + 8*n + 3. Let k be i(4). Suppose -k*v + 16 = -38. Suppose -18 - v = -j. What is the tens digit of j?
3
Let s(q) = -70*q**3 + q**2 - 2*q + 1. Let f be s(1). What is the units digit of (-415)/(-2)*(-56)/f?
6
Suppose -5*j + 9*j - 28 = 0. Suppose j*b = 10*b - 33. What is the units digit of b?
1
Let j(a) = -a**3 - 18*a**2 - 14*a + 11. Let x be j(-17). What is the tens digit of ((-576)/x)/((-6)/(-20))?
4
Suppose 5*x = 7467 + 4263. What is the hundreds digit of x?
3
Suppose 3398 = -345*r + 347*r. What is the thousands digit of r?
1
Let w be 0/3*(-2)/(-6). Suppose 0 = q - 2*i + 191, w = 2*q - 0*q - i + 379. What is the units digit of 10/(-6)*q/9?
5
Suppose -4*o + 176 = 4*y - 3*y, -2*y + 8 = 0. Let w be 1 + -1 + (1 - 1). Suppose w = 5*p - 227 - o. What is the tens digit of p?
5
Let p be (-3)/(-3*(-3)/(-12)). Suppose 12 = p*n - 2*r, 0*n - 3*n + 5*r + 23 = 0. Suppose -g = -11 - n. What is the units digit of g?
2
What is the units digit of (898/4)/((70/100)/7)?
5
Let d(w) = -96*w + 245. What is the units digit of d(-14)?
9
Let c = -2 + 15. Suppose 0 = -3*q + 14 + c. Suppose -v + 54 = 4*s - 0*s, -3*s = -q. What is the tens digit of v?
4
Suppose 3*y - 12*j + 8*j - 1042 = 0, -3*y = 2*j - 1072. What is the hundreds digit of y?
3
Suppose -25 = 3*o - 157. Suppose -7*y - o = -8*y. What is the units digit of y?
4
Let c(n) be the second derivative of 19*n**3/2 + n**2/2 + 2*n. Let z be c(1). Suppose 59 = v + 2*b + 3*b, -4*b = v - z. What is the tens digit of v?
5
Let g = 1240 - 471. What is the tens digit of g?
6
Sup